 n + 24780 = 0. Is g a composite number?
False
Let b(u) = -u**3 + 4*u**2 + 5*u. Let f be b(5). Let j be (f - 6)*(-13)/39. Suppose 3*a = 5*c - 348, -3*c - j*a + 202 = -3. Is c a composite number?
True
Suppose 273*r - 6016 = 271*r + 68790. Is r prime?
False
Let f(n) = n - 1. Let t(l) = 41*l - 1. Let d(x) = -3*f(x) + t(x). Let w be d(-7). Let y = w - -391. Is y prime?
True
Suppose 4271 = -11*r + 72658. Let t = 23841 - r. Suppose -t = -6*y - 2*y. Is y prime?
True
Let o(i) = 38865*i**2 + 61*i + 63. Is o(-1) a prime number?
True
Suppose -16 = 4*z - 0*z. Let l be (-2270)/z*(-156)/(-15). Suppose 3*t - 2*d - 3545 = 0, -6*t + l = -t + 3*d. Is t composite?
False
Is (13/(-3))/((-11)/793782) - 12/(-3) prime?
False
Let y = 746180 + -249769. Is y prime?
False
Let f(t) = -1907*t - 633. Is f(-38) a composite number?
True
Suppose -12 = 2*k - 0*k. Let y be 48/20*(4 - k). Is 12684/y - 10/4 a composite number?
True
Let x(n) = 4566*n + 1263. Is x(3) composite?
True
Suppose -166*r - 527424 - 282930 = -172*r. Is r a prime number?
True
Suppose 20*d = 3*d + 134351. Let j = 13446 - d. Is j composite?
True
Suppose -4555 = -u + 326. Suppose -u - 5207 = -8*i. Is i a prime number?
False
Let v = 5 + -3. Let r be (v + -3)*108/(2 - 6). Suppose r = -s + u + 158, -2*s + 274 = -5*u. Is s a composite number?
False
Let a(r) = 17*r**2 - 50*r - 4850. Is a(-87) a prime number?
True
Let t be ((-119)/17 - -7)/(-1). Let h(k) = -979*k - 1. Let n be h(-1). Suppose -6*r = -t*r - n. Is r prime?
True
Let h be (0 + -1)*12/((-60)/(-95)). Is (h - 5)/(-6) + 73 a composite number?
True
Let r = 246 + -144. Let o(z) = -19*z - 902. Let t be o(-33). Let p = r - t. Is p composite?
True
Suppose -3*k = -4*s - 44905, 4*k + 12608 = -s + 72494. Is k prime?
False
Let m(p) = -179*p + 22. Let c be m(-5). Suppose 2*s = 3*s - c. Is s composite?
True
Is (-63447190)/(-174) - 58/2523 prime?
False
Let z(r) = 5*r**2 + 16*r - 4. Let c be z(14). Suppose 11*d + c = 14345. Is d a composite number?
True
Suppose -3*m - 6*m + 594391 = -2*m. Is m prime?
True
Let o = -4972 - -1915. Suppose 4*d - 5*d = -2*r - 5528, -4*r - 20 = 0. Let z = o + d. Is z a composite number?
True
Let g(p) = 68 - 115*p + p**2 + 40*p + 55 + 3*p**2. Is g(38) a prime number?
True
Let a = -12 - -56. Let d = a + -38. Suppose -3287 = -2*c - 5*z, -4 = 2*z - d. Is c prime?
False
Let i be 2/(-5) - (-4154)/10. Let h = 783 - 947. Let o = i + h. Is o prime?
True
Let z = 3 + -1. Suppose z*y - 61384 = -2*y. Suppose -5*j - 3371 = -y. Is j a composite number?
True
Suppose 0 = 2*u - 0*u + 704. Let m = 623 + u. Let c = 186 + m. Is c prime?
True
Let x = -432830 + 640057. Is x prime?
True
Let j = -8167 - -9878. Is j a composite number?
True
Let p(o) = -171*o**3 - 2*o**2 + o + 1. Let a(c) = c**3 + c - 1. Let g(q) = -3*a(q) - p(q). Let j be g(2). Let y = -857 + j. Is y a prime number?
False
Let w = 12447 - 4694. Is w a composite number?
False
Suppose -5*b + 302 = 4*c - 60, -436 = -5*c + 2*b. Suppose 3*a + c = -569. Is (-22)/(882/a - -4) a composite number?
True
Let n(t) = -11*t + 23. Let w be n(2). Is 26/13 + w + 9610 + -2 composite?
True
Is (-9463869)/(-12)*(-144)/(-108) prime?
False
Is 878660/12 + 12*(-3)/(-27) composite?
True
Is ((-34978)/(-4))/((-1)/(-9)*(-12)/(-8)) a composite number?
True
Let n = -54 - -94. Is -1*288780/n*4/(-2) a prime number?
False
Suppose -24*m = -4*m + 10580. Let o = 1300 + m. Is ((-217)/(-93))/(1/o) a composite number?
True
Let f(h) = 191*h**3 - 3*h**2 - 3*h. Let y be f(-1). Let j = 0 - y. Is j a composite number?
False
Let w be (-216)/18*(-56)/3. Is -446*(476/w)/((-2)/8) a composite number?
True
Let f(b) = 9018*b + 1217. Is f(43) a composite number?
False
Let p(t) = -2*t**3 + 8*t**2 + 4*t - 11. Let l(d) = d**2 - 7*d - 2*d + 33*d - 11*d + 25. Let i be l(-10). Is p(i) composite?
False
Suppose -27*i + 11784 = -26*i - 117737. Is i prime?
False
Suppose 5*c - 2463823 + 102374 = -104644. Is c prime?
True
Let k(t) be the second derivative of t**5/10 + 3*t**4/4 + t**3/2 + 3*t**2/2 + 14*t. Let w be k(4). Let n = w - -36. Is n prime?
False
Suppose -7*v - 369 = 72. Let a = 63 + v. Suppose 4*h = -4, b - 3*h - 170 - 140 = a. Is b prime?
True
Suppose -2*y = m - 39, 5*m - 9 = -y + m. Let z = y + -22. Is 587 - 12/(-3)*z a composite number?
True
Suppose -2*h - 5822872 = -4*z, 226*z - 4*h - 1455697 = 225*z. Is z a prime number?
True
Suppose 728*a - 334*a - 20936671 = 345*a. Is a composite?
False
Suppose -2*g = -31*g + 58. Suppose g*p - 2651 = -137. Is p a composite number?
True
Let v(r) be the first derivative of r**3/3 - 7*r**2/2 + 12*r + 27. Let l be v(5). Is 497 - 2 - (-4)/l a composite number?
True
Let c(p) = -35*p**3 + 15*p**2 + 31*p - 39. Is c(-10) prime?
True
Let p = 93366 + 925. Is p composite?
False
Suppose 0 = 24*g + 14*g - 63574. Is g prime?
False
Let y(f) = 2*f + 0*f - f + 14*f**2 + 2. Let c = 13821 + -13818. Is y(c) a composite number?
False
Suppose 916967 = 30*o + 274547. Suppose -550*r + 544*r = -o. Is r a prime number?
False
Suppose a + 1119326 = 2*u, -4*a = -2*u - 2*a + 1119322. Suppose 0*d = -45*d + u. Is d composite?
False
Suppose 77 = -3*m + 86. Suppose -v = -m*b + 1674, -2*v - 2*v = -12. Is b prime?
False
Let p(s) = 5443*s - 5. Let x be p(2). Suppose -4*q + a + x = 0, 1371 - 9533 = -3*q + a. Is q a composite number?
False
Let o = -115979 - -173353. Is o prime?
False
Let g be -6*((-6)/9)/(-2). Let z be -3 + 2 + -3 + (g - -11). Suppose -3*u - v = -541, z*u - 6*v = -3*v + 883. Is u prime?
True
Let h(p) be the third derivative of p**6/120 - p**5/6 - 9*p**4/4 - 5*p**3/6 + 37*p**2. Is h(16) composite?
True
Suppose -2*n + 47559 = b, 4*b - 2*n - 10878 = 179378. Is b a composite number?
False
Suppose 112 = 19*o + 36. Suppose o*j + 10 = -6, h - 3*j = 23105. Is h a composite number?
True
Let k(w) = -5*w + 1777. Suppose 5*f + 0 = 10. Suppose -y = 0, 0 = -3*s - f*y - y. Is k(s) a composite number?
False
Let f(h) = -5000*h - 102. Is f(-11) prime?
False
Let r(p) = -p**2 + 25*p - 43. Let g be r(23). Suppose -8 = m - 2*v, -g*m - 2*m = 2*v - 8. Suppose -334 = -2*a + i, 0 = -2*i - 4 - m. Is a a prime number?
False
Suppose -7*b + 104 = b. Let h = b - -1168. Is h composite?
False
Let u(s) = 2*s**3 + 28*s**2 - 35*s - 32. Is u(-13) prime?
True
Suppose -11 = 4*b - 2*g - g, 28 = 3*b + 5*g. Let a = -5 - b. Is a/4*(-208)/12 a prime number?
False
Suppose 8*j - 4*o - 2630008 = 0, o = -5*j + 4*o + 1643753. Is j a prime number?
True
Let k = 259418 - 125969. Is k composite?
True
Let j = 58 - 54. Let p(q) = -1 - 25*q**2 + 33*q**2 - 8 + 2*q. Is p(j) composite?
False
Is ((-10)/(-40))/((-41)/(-247031068)) prime?
True
Let d be -5*(680/25 - 2). Let z = 128 + d. Suppose -4*x + 7*x = -3*p + 633, -x + z*p = -211. Is x a prime number?
True
Let l = 2081 + 8882. Is l a composite number?
True
Suppose -4*k + 4*q + 8178 + 52778 = 0, -q + 60976 = 4*k. Suppose -k = -5*p + 10802. Is p composite?
False
Suppose -3*a + 0*v - 177 = v, -2*v = -5*a - 295. Let l = 78 + a. Is l a composite number?
False
Suppose -5567 = -2*a + 447. Let g be ((-2181)/(-4))/(4/(101 - 5)). Let y = g - a. Is y a prime number?
True
Let b(o) = o**2 - 17*o + 62. Let t be b(12). Suppose t*i - 1798 = 144. Is i a prime number?
True
Let m be 1/3 - ((-197780)/33)/(-1). Let r = m - -12238. Is r a composite number?
True
Let n(q) = 179*q**3 - 7*q**2 - 22. Let y be n(5). Suppose 62*i - 60*i = y. Is i composite?
True
Let b(g) = -442*g - 1. Let c be b(-1). Suppose 4*o + 4*r + 0*r = 24, -3*o + r = -34. Let l = c + o. Is l prime?
False
Suppose 4*x - 7200 - 1880 = 0. Suppose 100 = -6*s - x. Let p = s + 1362. Is p a composite number?
False
Suppose q - 2*y + 12 = 0, 0 = q + 4*y + 5 - 17. Is (-3 - q) + -7 + 3713 composite?
True
Let d = -82475 + 258286. Is d a composite number?
False
Let j = 10 - 15. Let r(f) = -44*f**3 - 4*f**2 + 2*f - 8. Let m be r(j). Suppose g - 1809 = 2*k, 3*g = 4*k - 7*k + m. Is g composite?
True
Is ((-3)/(-2))/((-1923197866)/22116869092 - (-6)/69) composite?
False
Suppose 17*u = 34*u + 49963. Let b = -1468 - u. Is b a prime number?
True
Let k(g) = -81780*g + 12473. Is k(-6) a composite number?
True
Suppose -5*q + 29787 = -2*x - 5524, -35308 = -5*q + x. Suppose 4*s - 4*l = -s + 35241, -4*l - q = -s. Is s prime?
False
Let d(z) be the first derivative of -67*z**2/2 - 20*z + 5. Let f be d(-4). Suppose -3973 - f = -9